 the prime factors of y?
71
Let g be (-44)/(-14) - (-1)/(-7). Suppose g*v - 24 = 3. Let w(u) = 10*u - 19. List the prime factors of w(v).
71
Let i(p) = -150*p**2 + 1218*p - 4. List the prime factors of i(7).
2, 293
Let d = -597 + 5398. Suppose d + 13759 = 20*c. List the prime factors of c.
2, 29
What are the prime factors of 13 - -5598*(6 + -5)?
31, 181
Let h(l) be the first derivative of -14*l**2 - 13*l + 71. List the prime factors of h(-5).
127
What are the prime factors of (-40)/55*(-15411)/6?
2, 467
Suppose 34 = 4*o - 14. Let t be o + -6 + -1 + -1. List the prime factors of ((-2)/(t - 6))/((-2)/(-54)).
3
Let y be 5 + 8 + -7 + -2. Suppose h + 6410 = 5*z - 0*h, -y*z + h = -5127. List the prime factors of z.
1283
List the prime factors of (-649 - -1103) + (2 - 1) + 0.
5, 7, 13
Let r be (-48)/18*((-51)/6 - 2). Suppose -20*c + 1908 - r = 0. What are the prime factors of c?
2, 47
Suppose 0 = -2*q - 1 - 3, -542 = -2*d + 5*q. Let i = d - 145. Suppose -m = 4*a - 582, 3*a + 2*m - 560 + i = 0. List the prime factors of a.
5, 29
Let f(g) = -g**2 + g + 1. Let h(k) = k - 13. Let o(v) = -5*f(v) - h(v). Let l be o(4). Let y = l - 36. What are the prime factors of y?
2, 7
What are the prime factors of (-244544)/4*(87/(-12) + 7)?
2, 3821
Suppose 18*o = -7607 + 22349. Let c = -401 + o. What are the prime factors of c?
2, 11, 19
Let v = 499 - 240. Let n = v - -169. Suppose 4*a + 208 = m, -2*m - 2*a + n = -6*a. List the prime factors of m.
2, 5, 11
Let w be (30/60)/(-1 + (-785)/(-786)). Let b = w + 801. What are the prime factors of b?
2, 3, 17
Let y(f) = -2*f**3 - 6*f**2 - 99*f - 23. List the prime factors of y(-15).
2, 47, 73
Suppose -3*m = -20 + 17, l + 2*m = 1014. Suppose -134*p + 138*p = l. What are the prime factors of p?
11, 23
Suppose -24*h + 3*h + 5053534 = 53*h. What are the prime factors of h?
47, 1453
Let z be 2/3 - (-7)/3. Suppose -3*q = 4*v + 65, z*q + 70 = -0*v - 5*v. List the prime factors of 126 - (3/q + 45/(-25)).
2
Let w(h) = 25*h**2 + 10*h - 39. Let z(g) = 26*g**2 + 10*g - 38. Let t(f) = 3*w(f) - 2*z(f). List the prime factors of t(4).
367
List the prime factors of -4457901*(-40)/5040 + (-2)/12.
2, 5, 29, 61
Let b = 30603 - 13029. What are the prime factors of b?
2, 3, 29, 101
Let c(v) = 6*v**2 - 208*v - 4115. What are the prime factors of c(-21)?
13, 223
Suppose 11*l - 18*l = 0. Let v = 18 + -30. What are the prime factors of v/20 - (l + (-366)/10)?
2, 3
Let s = -193 - -195. Suppose 6*t = -s*p + 8*t + 720, 2*p + 2*t - 708 = 0. What are the prime factors of p?
3, 7, 17
Suppose 28 = -u + 73. Suppose 6*r - u = 3*r - 2*l, -2*r + 29 = l. List the prime factors of r.
13
Let a be 62/(6 + 147/(-24)). List the prime factors of 4/12*0 - a.
2, 31
Let r(b) = -168*b**3 + 2*b**2 - b - 2. Let d(z) = z**2 - 3*z - 11. Let l be d(-2). What are the prime factors of r(l)?
13
Let b(d) = 28*d**2 + d - 1. Let f be b(1). Let k = 35 - f. List the prime factors of k/(147/(-6)) + (-730)/(-7).
2, 13
Suppose -5*t - o + 16 = -0*t, 0 = t + 2*o + 4. Suppose -1 = -u, t*x + 0*u + u + 23 = 0. Let g(h) = -14*h + 1. List the prime factors of g(x).
5, 17
Let y(o) = 7*o**2 + o + 2. Let t(z) = z**2 + 15*z - 1. Let r be t(-15). Let i be y(r). What are the prime factors of i/44 + 1096/22?
2, 5
Suppose 0 = 59*s - 66*s + 21. Suppose -15*a - s*a + 1062 = 0. What are the prime factors of a?
59
Let v = -380 + 398. What are the prime factors of ((-24)/v)/((-8)/6) - -310?
311
Suppose -u = 4*w - 72, -3*u + 2*w - 270 = -8*u. Let v = u - 48. Suppose i + a = 68, v*i - 74 = 3*i + a. List the prime factors of i.
71
What are the prime factors of -3*(-13 - 1596/9)?
571
Let t be ((-162)/(-189))/(-1 - 9/(-7)). Suppose -965 = t*r - 4370. List the prime factors of r.
5, 227
Suppose 18 + 80 = -2*q - 2*k, -4*q - 201 = -k. Let y = 55 + q. Suppose -y*o + 462 = -118. What are the prime factors of o?
2, 29
Suppose -5*w = 4*d + 32, 2*w - 4*d = 1 + 3. Let a(p) = -119*p - 61. List the prime factors of a(w).
5, 83
Suppose -22*n = -10*n - 51948. Suppose n = 15*p - 7581. What are the prime factors of p?
2, 397
List the prime factors of 21683 + 10 + (0 - -4).
13, 1669
Let c(s) = 662*s - 4544. What are the prime factors of c(86)?
2, 7, 1871
Let y(x) = x**3 + 4*x**2 + 9. Let s be y(-5). List the prime factors of ((-8)/s)/(0 + 2/488).
2, 61
Let p(q) = -3*q**3 - 6*q**2 + 4. Let k be p(-2). Suppose 0 = -k*y - 2*y + 162. Suppose f + 195 = 5*a - 4*f, a - 4*f - y = 0. What are the prime factors of a?
43
Let l = 28999 - 17296. What are the prime factors of l?
3, 47, 83
Let m(v) = 41*v**2 - 11*v + 15. Let k(u) = -39*u**2 + 12*u - 16. Let j(h) = -5*k(h) - 4*m(h). What are the prime factors of j(3)?
251
Let j(v) = -v**2 + 12*v - 22. Let u be j(9). Suppose -4*s - k = -s - 77, -3*k + 123 = u*s. List the prime factors of s.
3
Let h(i) = 152*i - 29. Let m = 92 - 74. Suppose y - m = -8*y. What are the prime factors of h(y)?
5, 11
Suppose 2*t = -35*p + 40*p - 4, -3*p = -2*t. Suppose -10*y + t*w + 902 = -9*y, 3*w = -y + 896. What are the prime factors of y?
29, 31
Let v = 11442 - 7069. What are the prime factors of v?
4373
What are the prime factors of ((-20)/(-24)*4)/(132/1111572)?
2, 5, 7, 401
Let h = -318 - -321. Let v(o) = -o**3 - 6*o**2 - 5*o + 2. Let i be v(-5). Suppose 33 = k + 3*g, -95 + 2 = -i*k + h*g. What are the prime factors of k?
2, 3, 7
Let x(y) = -y**2 + 9*y - 12. Let d be x(8). Let q be d/(-24)*2*-159. Let k = 103 + q. List the prime factors of k.
2, 5
Suppose 2*n - m = -2, 4*n - 2*n = -3*m - 2. What are the prime factors of (n + -24)*-6*(-9)/(-6)?
3, 5
Let h(u) = -12*u**3 + 6*u**2 - 32*u - 175. Let x be h(-7). Let p = x - 3180. List the prime factors of p.
1279
Let a be (-1)/(((-20)/30)/(1006/3)). Suppose -3*r + 2255 - a = 0. List the prime factors of r.
2, 73
Let v(x) = 303*x**2 - 5*x**2 + 277*x**2 + 3 - x - 3*x - 116*x**2. List the prime factors of v(1).
2, 229
Let w(d) = d + 1. Let m(k) = -9*k - 4. Let y(n) = -2*m(n) - 14*w(n). Let a be y(21). Let v = 95 + a. List the prime factors of v.
173
Let z(d) = 21*d + 4. Let j be z(-3). Let v = j - -43. Let g = v + 114. What are the prime factors of g?
2, 7
Let s be (-37)/(-11) - 32/88. List the prime factors of 1030 - (-3 + (-8)/(-6)*s).
3, 7
Let p(a) = -14*a**3 + 6*a**2 - 56*a + 47. What are the prime factors of p(-11)?
20023
Let u = 235 + 321. Suppose -10*q + 12*q - 3*d - u = 0, -5*d = 4*q - 1134. What are the prime factors of q?
281
List the prime factors of 2 + 24/(-9) + 102342/18.
3, 5, 379
Let c = -78 - -80. Suppose -c*f + 17 = 5. Suppose -f*j + 1194 = 408. What are the prime factors of j?
131
Let j(c) = 9*c**2 + 8*c + 12. Let u(w) = -w + 1. Let i(n) = -j(n) - 2*u(n). Let m be i(-2). Let v = 136 - m. What are the prime factors of v?
2, 3, 29
Suppose -5661 = 6*n + 2115. Let i = n + 860. List the prime factors of (-1 - i/(-20))/((-9)/60).
2, 19
Let v(z) = 5*z**2 - 15*z + z**3 - 4 + 6*z - 3 + 6*z. Let u be v(-5). Let g = 73 + u. List the prime factors of g.
3
Suppose 209*k + 3*i = 206*k + 357, 0 = k - i - 113. What are the prime factors of k?
2, 29
Suppose -u + 271846 - 39677 = 16*u. What are the prime factors of u?
7, 1951
Let m(v) be the second derivative of 133*v**3/6 - 36*v**2 - 151*v. What are the prime factors of m(6)?
2, 3, 11
Let o(l) = 7*l**2 + 11*l + 56. Let a = -622 + 628. What are the prime factors of o(a)?
2, 11, 17
Let q = 99 - 242. Let b be -22 - (2 - 13) - -232. Let s = b + q. What are the prime factors of s?
2, 3, 13
List the prime factors of 180/(-54)*21*3051/(-6).
3, 5, 7, 113
Let x = 2445 - -5408. What are the prime factors of x?
7853
Let k = 124748 + -87344. What are the prime factors of k?
2, 3, 1039
Let s(i) be the second derivative of 1/6*i**4 + 18*i + 0 - 3*i**2 - 6*i**3. What are the prime factors of s(20)?
2, 37
Suppose -17370 = -x - 3*d, 17*x - 5*d = 14*x + 52194. List the prime factors of x.
2, 3, 7, 23
Suppose -4*f - 32 = 5*u, 4*f + f - 4*u - 1 = 0. List the prime factors of (-1)/f + -2 + 834/9.
7, 13
What are the prime factors of -5 + (-120)/(-20) - (-176184)/4?
17, 2591
Suppose -2*b = -8, 4*b - 8*b + 4176 = 4*p. Suppose p = 13*s - 5928. What are the prime factors of s?
2, 67
Let i(d) = 11*d + 9. Let n(y) = -y**2 + 1. Let k(g) = 2*i(g) - 4*n(g). Let q(m) be the first derivative of k(m). What are the prime factors of q(6)?
2, 5, 7